{"id":617,"date":"2021-09-17T18:28:29","date_gmt":"2021-09-17T17:28:29","guid":{"rendered":"https:\/\/parlamentgj.wordpress.com\/?page_id=617"},"modified":"2023-12-20T20:20:18","modified_gmt":"2023-12-20T19:20:18","slug":"foto-tematicke-dny","status":"publish","type":"page","link":"https:\/\/www.gymnaziumjihlava.cz\/parlament\/index.php\/foto-tematicke-dny\/","title":{"rendered":"Fotky z Tematick\u00fdch dn\u016f"},"content":{"rendered":"[vc_row type=&#8220;in_container&#8220; full_screen_row_position=&#8220;middle&#8220; column_margin=&#8220;default&#8220; column_direction=&#8220;default&#8220; column_direction_tablet=&#8220;default&#8220; column_direction_phone=&#8220;default&#8220; scene_position=&#8220;center&#8220; text_color=&#8220;dark&#8220; text_align=&#8220;left&#8220; row_border_radius=&#8220;none&#8220; row_border_radius_applies=&#8220;bg&#8220; overflow=&#8220;visible&#8220; overlay_strength=&#8220;0.3&#8243; gradient_direction=&#8220;left_to_right&#8220; shape_divider_position=&#8220;bottom&#8220; bg_image_animation=&#8220;none&#8220;][vc_column column_padding=&#8220;no-extra-padding&#8220; column_padding_tablet=&#8220;inherit&#8220; column_padding_phone=&#8220;inherit&#8220; column_padding_position=&#8220;all&#8220; column_element_direction_desktop=&#8220;default&#8220; column_element_spacing=&#8220;default&#8220; desktop_text_alignment=&#8220;default&#8220; tablet_text_alignment=&#8220;default&#8220; phone_text_alignment=&#8220;default&#8220; background_color_opacity=&#8220;1&#8243; background_hover_color_opacity=&#8220;1&#8243; column_backdrop_filter=&#8220;none&#8220; column_shadow=&#8220;none&#8220; column_border_radius=&#8220;none&#8220; column_link_target=&#8220;_self&#8220; column_position=&#8220;default&#8220; gradient_direction=&#8220;left_to_right&#8220; overlay_strength=&#8220;0.3&#8243; width=&#8220;1\/1&#8243; tablet_width_inherit=&#8220;default&#8220; animation_type=&#8220;default&#8220; bg_image_animation=&#8220;none&#8220; border_type=&#8220;simple&#8220; column_border_width=&#8220;none&#8220; column_border_style=&#8220;solid&#8220;][vc_column_text]\n<h1 style=\"text-align: center;\">Fotky z Tematick\u00fdch dn\u016f<\/h1>\n[\/vc_column_text][\/vc_column][\/vc_row][vc_row type=&#8220;in_container&#8220; full_screen_row_position=&#8220;middle&#8220; column_margin=&#8220;default&#8220; column_direction=&#8220;default&#8220; column_direction_tablet=&#8220;default&#8220; column_direction_phone=&#8220;default&#8220; scene_position=&#8220;center&#8220; text_color=&#8220;dark&#8220; text_align=&#8220;left&#8220; row_border_radius=&#8220;none&#8220; row_border_radius_applies=&#8220;bg&#8220; overflow=&#8220;visible&#8220; overlay_strength=&#8220;0.3&#8243; gradient_direction=&#8220;left_to_right&#8220; shape_divider_position=&#8220;bottom&#8220; bg_image_animation=&#8220;none&#8220;][vc_column column_padding=&#8220;no-extra-padding&#8220; column_padding_tablet=&#8220;inherit&#8220; column_padding_phone=&#8220;inherit&#8220; column_padding_position=&#8220;all&#8220; column_element_direction_desktop=&#8220;default&#8220; column_element_spacing=&#8220;default&#8220; desktop_text_alignment=&#8220;default&#8220; tablet_text_alignment=&#8220;default&#8220; phone_text_alignment=&#8220;default&#8220; background_color_opacity=&#8220;1&#8243; background_hover_color_opacity=&#8220;1&#8243; column_backdrop_filter=&#8220;none&#8220; column_shadow=&#8220;none&#8220; column_border_radius=&#8220;none&#8220; column_link_target=&#8220;_self&#8220; column_position=&#8220;default&#8220; gradient_direction=&#8220;left_to_right&#8220; overlay_strength=&#8220;0.3&#8243; width=&#8220;1\/1&#8243; tablet_width_inherit=&#8220;default&#8220; animation_type=&#8220;default&#8220; bg_image_animation=&#8220;none&#8220; border_type=&#8220;simple&#8220; column_border_width=&#8220;none&#8220; column_border_style=&#8220;solid&#8220;][vc_column_text]\n\n\n<figure class=\"wp-block-gallery has-nested-images columns-3 is-cropped wp-block-gallery-1 is-layout-flex wp-block-gallery-is-layout-flex\">\n<figure class=\"wp-block-image size-large\"><img loading=\"lazy\" decoding=\"async\" width=\"1024\" height=\"504\" data-id=\"1534\" src=\"https:\/\/www.gymnaziumjihlava.cz\/parlament\/wp-content\/uploads\/2022\/11\/Suit-up-day-1-1024x504.jpg\" alt=\"\" class=\"wp-image-1534\" srcset=\"https:\/\/www.gymnaziumjihlava.cz\/parlament\/wp-content\/uploads\/2022\/11\/Suit-up-day-1-1024x504.jpg 1024w, https:\/\/www.gymnaziumjihlava.cz\/parlament\/wp-content\/uploads\/2022\/11\/Suit-up-day-1-300x148.jpg 300w, https:\/\/www.gymnaziumjihlava.cz\/parlament\/wp-content\/uploads\/2022\/11\/Suit-up-day-1-768x378.jpg 768w, https:\/\/www.gymnaziumjihlava.cz\/parlament\/wp-content\/uploads\/2022\/11\/Suit-up-day-1.jpg 1280w\" sizes=\"auto, (max-width: 1024px) 100vw, 1024px\" \/><figcaption class=\"wp-element-caption\">Suit Up day<\/figcaption><\/figure>\n\n\n\n<figure class=\"wp-block-image size-full\"><img loading=\"lazy\" decoding=\"async\" width=\"960\" height=\"477\" data-id=\"1536\" src=\"https:\/\/www.gymnaziumjihlava.cz\/parlament\/wp-content\/uploads\/2022\/11\/Halloween.jpg\" alt=\"\" class=\"wp-image-1536\" srcset=\"https:\/\/www.gymnaziumjihlava.cz\/parlament\/wp-content\/uploads\/2022\/11\/Halloween.jpg 960w, https:\/\/www.gymnaziumjihlava.cz\/parlament\/wp-content\/uploads\/2022\/11\/Halloween-300x149.jpg 300w, https:\/\/www.gymnaziumjihlava.cz\/parlament\/wp-content\/uploads\/2022\/11\/Halloween-768x382.jpg 768w\" sizes=\"auto, (max-width: 960px) 100vw, 960px\" \/><figcaption class=\"wp-element-caption\">Halloween<\/figcaption><\/figure>\n\n\n\n<figure class=\"wp-block-image size-large\"><img loading=\"lazy\" decoding=\"async\" width=\"1024\" height=\"678\" data-id=\"2445\" src=\"https:\/\/www.gymnaziumjihlava.cz\/parlament\/wp-content\/uploads\/2023\/12\/DFF_3152-1024x678.jpg\" alt=\"\" class=\"wp-image-2445\" srcset=\"https:\/\/www.gymnaziumjihlava.cz\/parlament\/wp-content\/uploads\/2023\/12\/DFF_3152-1024x678.jpg 1024w, https:\/\/www.gymnaziumjihlava.cz\/parlament\/wp-content\/uploads\/2023\/12\/DFF_3152-300x199.jpg 300w, https:\/\/www.gymnaziumjihlava.cz\/parlament\/wp-content\/uploads\/2023\/12\/DFF_3152-768x509.jpg 768w, https:\/\/www.gymnaziumjihlava.cz\/parlament\/wp-content\/uploads\/2023\/12\/DFF_3152-1536x1017.jpg 1536w, https:\/\/www.gymnaziumjihlava.cz\/parlament\/wp-content\/uploads\/2023\/12\/DFF_3152-2048x1356.jpg 2048w\" sizes=\"auto, (max-width: 1024px) 100vw, 1024px\" \/><figcaption class=\"wp-element-caption\">Den v\u00e1no\u010dn\u00edch svetr\u016f<\/figcaption><\/figure>\n\n\n\n<figure class=\"wp-block-image size-large\"><img loading=\"lazy\" decoding=\"async\" width=\"1024\" height=\"356\" data-id=\"1641\" src=\"https:\/\/www.gymnaziumjihlava.cz\/parlament\/wp-content\/uploads\/2022\/11\/Prouzkovy-den-1024x356.jpg\" alt=\"\" class=\"wp-image-1641\" srcset=\"https:\/\/www.gymnaziumjihlava.cz\/parlament\/wp-content\/uploads\/2022\/11\/Prouzkovy-den-1024x356.jpg 1024w, https:\/\/www.gymnaziumjihlava.cz\/parlament\/wp-content\/uploads\/2022\/11\/Prouzkovy-den-300x104.jpg 300w, https:\/\/www.gymnaziumjihlava.cz\/parlament\/wp-content\/uploads\/2022\/11\/Prouzkovy-den-768x267.jpg 768w, https:\/\/www.gymnaziumjihlava.cz\/parlament\/wp-content\/uploads\/2022\/11\/Prouzkovy-den-1536x534.jpg 1536w, https:\/\/www.gymnaziumjihlava.cz\/parlament\/wp-content\/uploads\/2022\/11\/Prouzkovy-den-2048x712.jpg 2048w, https:\/\/www.gymnaziumjihlava.cz\/parlament\/wp-content\/uploads\/2022\/11\/Prouzkovy-den-1568x545.jpg 1568w\" sizes=\"auto, (max-width: 1024px) 100vw, 1024px\" \/><figcaption class=\"wp-element-caption\">Prou\u017ekov\u00fd den<\/figcaption><\/figure>\n<\/figure>\n\n\n[\/vc_column_text][\/vc_column][\/vc_row]","protected":false},"excerpt":{"rendered":"<p>[vc_row type=&#8220;in_container&#8220; full_screen_row_position=&#8220;middle&#8220; column_margin=&#8220;default&#8220; column_direction=&#8220;default&#8220; column_direction_tablet=&#8220;default&#8220; column_direction_phone=&#8220;default&#8220; scene_position=&#8220;center&#8220; text_color=&#8220;dark&#8220; text_align=&#8220;left&#8220; row_border_radius=&#8220;none&#8220; row_border_radius_applies=&#8220;bg&#8220; overflow=&#8220;visible&#8220; overlay_strength=&#8220;0.3&#8243; gradient_direction=&#8220;left_to_right&#8220; shape_divider_position=&#8220;bottom&#8220; bg_image_animation=&#8220;none&#8220;][vc_column column_padding=&#8220;no-extra-padding&#8220; column_padding_tablet=&#8220;inherit&#8220; column_padding_phone=&#8220;inherit&#8220; column_padding_position=&#8220;all&#8220; column_element_direction_desktop=&#8220;default&#8220; column_element_spacing=&#8220;default&#8220; desktop_text_alignment=&#8220;default&#8220; tablet_text_alignment=&#8220;default&#8220; phone_text_alignment=&#8220;default&#8220; background_color_opacity=&#8220;1&#8243; background_hover_color_opacity=&#8220;1&#8243; column_backdrop_filter=&#8220;none&#8220; column_shadow=&#8220;none&#8220;&#8230;<\/p>\n","protected":false},"author":1,"featured_media":0,"parent":0,"menu_order":0,"comment_status":"closed","ping_status":"closed","template":"","meta":{"footnotes":""},"class_list":["post-617","page","type-page","status-publish"],"_links":{"self":[{"href":"https:\/\/www.gymnaziumjihlava.cz\/parlament\/index.php\/wp-json\/wp\/v2\/pages\/617","targetHints":{"allow":["GET"]}}],"collection":[{"href":"https:\/\/www.gymnaziumjihlava.cz\/parlament\/index.php\/wp-json\/wp\/v2\/pages"}],"about":[{"href":"https:\/\/www.gymnaziumjihlava.cz\/parlament\/index.php\/wp-json\/wp\/v2\/types\/page"}],"author":[{"embeddable":true,"href":"https:\/\/www.gymnaziumjihlava.cz\/parlament\/index.php\/wp-json\/wp\/v2\/users\/1"}],"replies":[{"embeddable":true,"href":"https:\/\/www.gymnaziumjihlava.cz\/parlament\/index.php\/wp-json\/wp\/v2\/comments?post=617"}],"version-history":[{"count":10,"href":"https:\/\/www.gymnaziumjihlava.cz\/parlament\/index.php\/wp-json\/wp\/v2\/pages\/617\/revisions"}],"predecessor-version":[{"id":2448,"href":"https:\/\/www.gymnaziumjihlava.cz\/parlament\/index.php\/wp-json\/wp\/v2\/pages\/617\/revisions\/2448"}],"wp:attachment":[{"href":"https:\/\/www.gymnaziumjihlava.cz\/parlament\/index.php\/wp-json\/wp\/v2\/media?parent=617"}],"curies":[{"name":"wp","href":"https:\/\/api.w.org\/{rel}","templated":true}]}}

Fotky z Tematických dnů

[vc_row type=&#8220;in_container&#8220; full_screen_row_position=&#8220;middle&#8220; column_margin=&#8220;default&#8220; column_direction=&#8220;default&#8220; column_direction_tablet=&#8220;default&#8220; column_direction_phone=&#8220;default&#8220; scene_position=&#8220;center&#8220; text_color=&#8220;dark&#8220; text_align=&#8220;left&#8220; row_border_radius=&#8220;none&#8220; row_border_radius_applies=&#8220;bg&#8220; overflow=&#8220;visible&#8220; overlay_strength=&#8220;0.3&#8243; gradient_direction=&#8220;left_to_right&#8220; shape_divider_position=&#8220;bottom&#8220; bg_image_animation=&#8220;none&#8220;][vc_column column_padding=&#8220;no-extra-padding&#8220; column_padding_tablet=&#8220;inherit&#8220; column_padding_phone=&#8220;inherit&#8220; column_padding_position=&#8220;all&#8220; column_element_direction_desktop=&#8220;default&#8220; column_element_spacing=&#8220;default&#8220; desktop_text_alignment=&#8220;default&#8220; tablet_text_alignment=&#8220;default&#8220; phone_text_alignment=&#8220;default&#8220; background_color_opacity=&#8220;1&#8243; background_hover_color_opacity=&#8220;1&#8243; column_backdrop_filter=&#8220;none&#8220; column_shadow=&#8220;none&#8220; column_border_radius=&#8220;none&#8220; column_link_target=&#8220;_self&#8220; column_position=&#8220;default&#8220; gradient_direction=&#8220;left_to_right&#8220; overlay_strength=&#8220;0.3&#8243; width=&#8220;1/1&#8243; tablet_width_inherit=&#8220;default&#8220; animation_type=&#8220;default&#8220; bg_image_animation=&#8220;none&#8220; border_type=&#8220;simple&#8220; column_border_width=&#8220;none&#8220; column_border_style=&#8220;solid&#8220;][vc_column_text]
<h1 style="text-align: center;">Fotky z Tematických dnů</h1>
[/vc_column_text][/vc_column][/vc_row][vc_row type=&#8220;in_container&#8220; full_screen_row_position=&#8220;middle&#8220; column_margin=&#8220;default&#8220; column_direction=&#8220;default&#8220; column_direction_tablet=&#8220;default&#8220; column_direction_phone=&#8220;default&#8220; scene_position=&#8220;center&#8220; text_color=&#8220;dark&#8220; text_align=&#8220;left&#8220; row_border_radius=&#8220;none&#8220; row_border_radius_applies=&#8220;bg&#8220; overflow=&#8220;visible&#8220; overlay_strength=&#8220;0.3&#8243; gradient_direction=&#8220;left_to_right&#8220; shape_divider_position=&#8220;bottom&#8220; bg_image_animation=&#8220;none&#8220;][vc_column column_padding=&#8220;no-extra-padding&#8220; column_padding_tablet=&#8220;inherit&#8220; column_padding_phone=&#8220;inherit&#8220; column_padding_position=&#8220;all&#8220; column_element_direction_desktop=&#8220;default&#8220; column_element_spacing=&#8220;default&#8220; desktop_text_alignment=&#8220;default&#8220; tablet_text_alignment=&#8220;default&#8220; phone_text_alignment=&#8220;default&#8220; background_color_opacity=&#8220;1&#8243; background_hover_color_opacity=&#8220;1&#8243; column_backdrop_filter=&#8220;none&#8220; column_shadow=&#8220;none&#8220; column_border_radius=&#8220;none&#8220; column_link_target=&#8220;_self&#8220; column_position=&#8220;default&#8220; gradient_direction=&#8220;left_to_right&#8220; overlay_strength=&#8220;0.3&#8243; width=&#8220;1/1&#8243; tablet_width_inherit=&#8220;default&#8220; animation_type=&#8220;default&#8220; bg_image_animation=&#8220;none&#8220; border_type=&#8220;simple&#8220; column_border_width=&#8220;none&#8220; column_border_style=&#8220;solid&#8220;][vc_column_text]


<figure class="wp-block-gallery has-nested-images columns-3 is-cropped wp-block-gallery-1 is-layout-flex wp-block-gallery-is-layout-flex">
<figure class="wp-block-image size-large"><img loading="lazy" decoding="async" width="1024" height="504" data-id="1534" src="https://www.gymnaziumjihlava.cz/parlament/wp-content/uploads/2022/11/Suit-up-day-1-1024x504.jpg" alt="" class="wp-image-1534" srcset="https://www.gymnaziumjihlava.cz/parlament/wp-content/uploads/2022/11/Suit-up-day-1-1024x504.jpg 1024w, https://www.gymnaziumjihlava.cz/parlament/wp-content/uploads/2022/11/Suit-up-day-1-300x148.jpg 300w, https://www.gymnaziumjihlava.cz/parlament/wp-content/uploads/2022/11/Suit-up-day-1-768x378.jpg 768w, https://www.gymnaziumjihlava.cz/parlament/wp-content/uploads/2022/11/Suit-up-day-1.jpg 1280w" sizes="auto, (max-width: 1024px) 100vw, 1024px" /><figcaption class="wp-element-caption">Suit Up day</figcaption></figure>



<figure class="wp-block-image size-full"><img loading="lazy" decoding="async" width="960" height="477" data-id="1536" src="https://www.gymnaziumjihlava.cz/parlament/wp-content/uploads/2022/11/Halloween.jpg" alt="" class="wp-image-1536" srcset="https://www.gymnaziumjihlava.cz/parlament/wp-content/uploads/2022/11/Halloween.jpg 960w, https://www.gymnaziumjihlava.cz/parlament/wp-content/uploads/2022/11/Halloween-300x149.jpg 300w, https://www.gymnaziumjihlava.cz/parlament/wp-content/uploads/2022/11/Halloween-768x382.jpg 768w" sizes="auto, (max-width: 960px) 100vw, 960px" /><figcaption class="wp-element-caption">Halloween</figcaption></figure>



<figure class="wp-block-image size-large"><img loading="lazy" decoding="async" width="1024" height="678" data-id="2445" src="https://www.gymnaziumjihlava.cz/parlament/wp-content/uploads/2023/12/DFF_3152-1024x678.jpg" alt="" class="wp-image-2445" srcset="https://www.gymnaziumjihlava.cz/parlament/wp-content/uploads/2023/12/DFF_3152-1024x678.jpg 1024w, https://www.gymnaziumjihlava.cz/parlament/wp-content/uploads/2023/12/DFF_3152-300x199.jpg 300w, https://www.gymnaziumjihlava.cz/parlament/wp-content/uploads/2023/12/DFF_3152-768x509.jpg 768w, https://www.gymnaziumjihlava.cz/parlament/wp-content/uploads/2023/12/DFF_3152-1536x1017.jpg 1536w, https://www.gymnaziumjihlava.cz/parlament/wp-content/uploads/2023/12/DFF_3152-2048x1356.jpg 2048w" sizes="auto, (max-width: 1024px) 100vw, 1024px" /><figcaption class="wp-element-caption">Den vánočních svetrů</figcaption></figure>



<figure class="wp-block-image size-large"><img loading="lazy" decoding="async" width="1024" height="356" data-id="1641" src="https://www.gymnaziumjihlava.cz/parlament/wp-content/uploads/2022/11/Prouzkovy-den-1024x356.jpg" alt="" class="wp-image-1641" srcset="https://www.gymnaziumjihlava.cz/parlament/wp-content/uploads/2022/11/Prouzkovy-den-1024x356.jpg 1024w, https://www.gymnaziumjihlava.cz/parlament/wp-content/uploads/2022/11/Prouzkovy-den-300x104.jpg 300w, https://www.gymnaziumjihlava.cz/parlament/wp-content/uploads/2022/11/Prouzkovy-den-768x267.jpg 768w, https://www.gymnaziumjihlava.cz/parlament/wp-content/uploads/2022/11/Prouzkovy-den-1536x534.jpg 1536w, https://www.gymnaziumjihlava.cz/parlament/wp-content/uploads/2022/11/Prouzkovy-den-2048x712.jpg 2048w, https://www.gymnaziumjihlava.cz/parlament/wp-content/uploads/2022/11/Prouzkovy-den-1568x545.jpg 1568w" sizes="auto, (max-width: 1024px) 100vw, 1024px" /><figcaption class="wp-element-caption">Proužkový den</figcaption></figure>
</figure>


[/vc_column_text][/vc_column][/vc_row]
