{"id":2419,"date":"2023-12-06T21:38:37","date_gmt":"2023-12-06T20:38:37","guid":{"rendered":"https:\/\/www.gymnaziumjihlava.cz\/parlament\/?page_id=2419"},"modified":"2023-12-07T20:48:49","modified_gmt":"2023-12-07T19:48:49","slug":"foto-mikulasska-posta","status":"publish","type":"page","link":"https:\/\/www.gymnaziumjihlava.cz\/parlament\/index.php\/foto-mikulasska-posta\/","title":{"rendered":"Fotky z Mikul\u00e1\u0161sk\u00e9 po\u0161ty"},"content":{"rendered":"\n<h1 class=\"has-text-align-center wp-block-heading\">Fotky z Mikul\u00e1\u0161sk\u00e9 po\u0161ty<\/h1>\n\n\n\n<figure class=\"wp-block-gallery has-nested-images columns-2 is-cropped wp-block-gallery-1 is-layout-flex wp-block-gallery-is-layout-flex\">\n<figure class=\"wp-block-image size-large\"><img loading=\"lazy\" decoding=\"async\" width=\"1024\" height=\"576\" data-id=\"2422\" src=\"https:\/\/www.gymnaziumjihlava.cz\/parlament\/wp-content\/uploads\/2023\/12\/mik-6-1024x576.jpg\" alt=\"\" class=\"wp-image-2422\" srcset=\"https:\/\/www.gymnaziumjihlava.cz\/parlament\/wp-content\/uploads\/2023\/12\/mik-6-1024x576.jpg 1024w, https:\/\/www.gymnaziumjihlava.cz\/parlament\/wp-content\/uploads\/2023\/12\/mik-6-300x169.jpg 300w, https:\/\/www.gymnaziumjihlava.cz\/parlament\/wp-content\/uploads\/2023\/12\/mik-6-768x432.jpg 768w, https:\/\/www.gymnaziumjihlava.cz\/parlament\/wp-content\/uploads\/2023\/12\/mik-6-1536x864.jpg 1536w, https:\/\/www.gymnaziumjihlava.cz\/parlament\/wp-content\/uploads\/2023\/12\/mik-6.jpg 2000w\" sizes=\"auto, (max-width: 1024px) 100vw, 1024px\" \/><\/figure>\n\n\n\n<figure class=\"wp-block-image size-large\"><img loading=\"lazy\" decoding=\"async\" width=\"1024\" height=\"576\" data-id=\"2424\" src=\"https:\/\/www.gymnaziumjihlava.cz\/parlament\/wp-content\/uploads\/2023\/12\/mik-3-1024x576.jpg\" alt=\"\" class=\"wp-image-2424\" srcset=\"https:\/\/www.gymnaziumjihlava.cz\/parlament\/wp-content\/uploads\/2023\/12\/mik-3-1024x576.jpg 1024w, https:\/\/www.gymnaziumjihlava.cz\/parlament\/wp-content\/uploads\/2023\/12\/mik-3-300x169.jpg 300w, https:\/\/www.gymnaziumjihlava.cz\/parlament\/wp-content\/uploads\/2023\/12\/mik-3-768x432.jpg 768w, https:\/\/www.gymnaziumjihlava.cz\/parlament\/wp-content\/uploads\/2023\/12\/mik-3-1536x864.jpg 1536w, https:\/\/www.gymnaziumjihlava.cz\/parlament\/wp-content\/uploads\/2023\/12\/mik-3.jpg 2000w\" sizes=\"auto, (max-width: 1024px) 100vw, 1024px\" \/><\/figure>\n\n\n\n<figure class=\"wp-block-image size-full\"><img loading=\"lazy\" decoding=\"async\" width=\"2560\" height=\"1920\" data-id=\"2432\" src=\"https:\/\/www.gymnaziumjihlava.cz\/parlament\/wp-content\/uploads\/2023\/12\/mik-8-scaled.jpeg\" alt=\"\" class=\"wp-image-2432\" srcset=\"https:\/\/www.gymnaziumjihlava.cz\/parlament\/wp-content\/uploads\/2023\/12\/mik-8-scaled.jpeg 2560w, https:\/\/www.gymnaziumjihlava.cz\/parlament\/wp-content\/uploads\/2023\/12\/mik-8-300x225.jpeg 300w, https:\/\/www.gymnaziumjihlava.cz\/parlament\/wp-content\/uploads\/2023\/12\/mik-8-1024x768.jpeg 1024w, https:\/\/www.gymnaziumjihlava.cz\/parlament\/wp-content\/uploads\/2023\/12\/mik-8-768x576.jpeg 768w, https:\/\/www.gymnaziumjihlava.cz\/parlament\/wp-content\/uploads\/2023\/12\/mik-8-1536x1152.jpeg 1536w, https:\/\/www.gymnaziumjihlava.cz\/parlament\/wp-content\/uploads\/2023\/12\/mik-8-2048x1536.jpeg 2048w\" sizes=\"auto, (max-width: 2560px) 100vw, 2560px\" \/><\/figure>\n<\/figure>\n","protected":false},"excerpt":{"rendered":"<p>Fotky z Mikul\u00e1\u0161sk\u00e9 po\u0161ty<\/p>\n","protected":false},"author":3,"featured_media":0,"parent":0,"menu_order":0,"comment_status":"closed","ping_status":"closed","template":"","meta":{"footnotes":""},"class_list":["post-2419","page","type-page","status-publish"],"_links":{"self":[{"href":"https:\/\/www.gymnaziumjihlava.cz\/parlament\/index.php\/wp-json\/wp\/v2\/pages\/2419","targetHints":{"allow":["GET"]}}],"collection":[{"href":"https:\/\/www.gymnaziumjihlava.cz\/parlament\/index.php\/wp-json\/wp\/v2\/pages"}],"about":[{"href":"https:\/\/www.gymnaziumjihlava.cz\/parlament\/index.php\/wp-json\/wp\/v2\/types\/page"}],"author":[{"embeddable":true,"href":"https:\/\/www.gymnaziumjihlava.cz\/parlament\/index.php\/wp-json\/wp\/v2\/users\/3"}],"replies":[{"embeddable":true,"href":"https:\/\/www.gymnaziumjihlava.cz\/parlament\/index.php\/wp-json\/wp\/v2\/comments?post=2419"}],"version-history":[{"count":3,"href":"https:\/\/www.gymnaziumjihlava.cz\/parlament\/index.php\/wp-json\/wp\/v2\/pages\/2419\/revisions"}],"predecessor-version":[{"id":2437,"href":"https:\/\/www.gymnaziumjihlava.cz\/parlament\/index.php\/wp-json\/wp\/v2\/pages\/2419\/revisions\/2437"}],"wp:attachment":[{"href":"https:\/\/www.gymnaziumjihlava.cz\/parlament\/index.php\/wp-json\/wp\/v2\/media?parent=2419"}],"curies":[{"name":"wp","href":"https:\/\/api.w.org\/{rel}","templated":true}]}}

Fotky z Mikulášské pošty

<h1 class="has-text-align-center wp-block-heading">Fotky z Mikulášské pošty</h1>



<figure class="wp-block-gallery has-nested-images columns-2 is-cropped wp-block-gallery-1 is-layout-flex wp-block-gallery-is-layout-flex">
<figure class="wp-block-image size-large"><img loading="lazy" decoding="async" width="1024" height="576" data-id="2422" src="https://www.gymnaziumjihlava.cz/parlament/wp-content/uploads/2023/12/mik-6-1024x576.jpg" alt="" class="wp-image-2422" srcset="https://www.gymnaziumjihlava.cz/parlament/wp-content/uploads/2023/12/mik-6-1024x576.jpg 1024w, https://www.gymnaziumjihlava.cz/parlament/wp-content/uploads/2023/12/mik-6-300x169.jpg 300w, https://www.gymnaziumjihlava.cz/parlament/wp-content/uploads/2023/12/mik-6-768x432.jpg 768w, https://www.gymnaziumjihlava.cz/parlament/wp-content/uploads/2023/12/mik-6-1536x864.jpg 1536w, https://www.gymnaziumjihlava.cz/parlament/wp-content/uploads/2023/12/mik-6.jpg 2000w" sizes="auto, (max-width: 1024px) 100vw, 1024px" /></figure>



<figure class="wp-block-image size-large"><img loading="lazy" decoding="async" width="1024" height="576" data-id="2424" src="https://www.gymnaziumjihlava.cz/parlament/wp-content/uploads/2023/12/mik-3-1024x576.jpg" alt="" class="wp-image-2424" srcset="https://www.gymnaziumjihlava.cz/parlament/wp-content/uploads/2023/12/mik-3-1024x576.jpg 1024w, https://www.gymnaziumjihlava.cz/parlament/wp-content/uploads/2023/12/mik-3-300x169.jpg 300w, https://www.gymnaziumjihlava.cz/parlament/wp-content/uploads/2023/12/mik-3-768x432.jpg 768w, https://www.gymnaziumjihlava.cz/parlament/wp-content/uploads/2023/12/mik-3-1536x864.jpg 1536w, https://www.gymnaziumjihlava.cz/parlament/wp-content/uploads/2023/12/mik-3.jpg 2000w" sizes="auto, (max-width: 1024px) 100vw, 1024px" /></figure>



<figure class="wp-block-image size-full"><img loading="lazy" decoding="async" width="2560" height="1920" data-id="2432" src="https://www.gymnaziumjihlava.cz/parlament/wp-content/uploads/2023/12/mik-8-scaled.jpeg" alt="" class="wp-image-2432" srcset="https://www.gymnaziumjihlava.cz/parlament/wp-content/uploads/2023/12/mik-8-scaled.jpeg 2560w, https://www.gymnaziumjihlava.cz/parlament/wp-content/uploads/2023/12/mik-8-300x225.jpeg 300w, https://www.gymnaziumjihlava.cz/parlament/wp-content/uploads/2023/12/mik-8-1024x768.jpeg 1024w, https://www.gymnaziumjihlava.cz/parlament/wp-content/uploads/2023/12/mik-8-768x576.jpeg 768w, https://www.gymnaziumjihlava.cz/parlament/wp-content/uploads/2023/12/mik-8-1536x1152.jpeg 1536w, https://www.gymnaziumjihlava.cz/parlament/wp-content/uploads/2023/12/mik-8-2048x1536.jpeg 2048w" sizes="auto, (max-width: 2560px) 100vw, 2560px" /></figure>
</figure>

<p>Fotky z Mikulášské pošty</p>
