{"id":1612,"date":"2022-11-27T14:11:37","date_gmt":"2022-11-27T12:11:37","guid":{"rendered":"https:\/\/www.gymnaziumjihlava.cz\/parlament\/?page_id=1612"},"modified":"2023-08-06T13:04:46","modified_gmt":"2023-08-06T12:04:46","slug":"navsteva-ministra-skolstvi","status":"publish","type":"page","link":"https:\/\/www.gymnaziumjihlava.cz\/parlament\/index.php\/navsteva-ministra-skolstvi\/","title":{"rendered":"N\u00e1v\u0161t\u011bva ministra \u0161kolstv\u00ed Vladim\u00edra Bala\u0161e"},"content":{"rendered":"[vc_row type=&#8220;in_container&#8220; full_screen_row_position=&#8220;middle&#8220; column_margin=&#8220;default&#8220; column_direction=&#8220;default&#8220; column_direction_tablet=&#8220;default&#8220; column_direction_phone=&#8220;default&#8220; scene_position=&#8220;center&#8220; text_color=&#8220;dark&#8220; text_align=&#8220;left&#8220; row_border_radius=&#8220;none&#8220; row_border_radius_applies=&#8220;bg&#8220; overflow=&#8220;visible&#8220; overlay_strength=&#8220;0.3&#8243; gradient_direction=&#8220;left_to_right&#8220; shape_divider_position=&#8220;bottom&#8220; bg_image_animation=&#8220;none&#8220;][vc_column column_padding=&#8220;no-extra-padding&#8220; column_padding_tablet=&#8220;inherit&#8220; column_padding_phone=&#8220;inherit&#8220; column_padding_position=&#8220;all&#8220; column_element_direction_desktop=&#8220;default&#8220; column_element_spacing=&#8220;default&#8220; desktop_text_alignment=&#8220;default&#8220; tablet_text_alignment=&#8220;default&#8220; phone_text_alignment=&#8220;default&#8220; background_color_opacity=&#8220;1&#8243; background_hover_color_opacity=&#8220;1&#8243; column_backdrop_filter=&#8220;none&#8220; column_shadow=&#8220;none&#8220; column_border_radius=&#8220;none&#8220; column_link_target=&#8220;_self&#8220; column_position=&#8220;default&#8220; gradient_direction=&#8220;left_to_right&#8220; overlay_strength=&#8220;0.3&#8243; width=&#8220;1\/1&#8243; tablet_width_inherit=&#8220;default&#8220; animation_type=&#8220;default&#8220; bg_image_animation=&#8220;none&#8220; border_type=&#8220;simple&#8220; column_border_width=&#8220;none&#8220; column_border_style=&#8220;solid&#8220;][vc_column_text]\r\n<h1 style=\"text-align: center;\">N\u00e1v\u0161t\u011bva ministra \u0161kolstv\u00ed Vladim\u00edra Bala\u0161e<\/h1>\r\n[\/vc_column_text][\/vc_column][\/vc_row][vc_row type=&#8220;in_container&#8220; full_screen_row_position=&#8220;middle&#8220; column_margin=&#8220;default&#8220; column_direction=&#8220;default&#8220; column_direction_tablet=&#8220;default&#8220; column_direction_phone=&#8220;default&#8220; scene_position=&#8220;center&#8220; text_color=&#8220;dark&#8220; text_align=&#8220;left&#8220; row_border_radius=&#8220;none&#8220; row_border_radius_applies=&#8220;bg&#8220; overflow=&#8220;visible&#8220; overlay_strength=&#8220;0.3&#8243; gradient_direction=&#8220;left_to_right&#8220; shape_divider_position=&#8220;bottom&#8220; bg_image_animation=&#8220;none&#8220;][vc_column column_padding=&#8220;no-extra-padding&#8220; column_padding_tablet=&#8220;inherit&#8220; column_padding_phone=&#8220;inherit&#8220; column_padding_position=&#8220;all&#8220; column_element_direction_desktop=&#8220;default&#8220; column_element_spacing=&#8220;default&#8220; desktop_text_alignment=&#8220;default&#8220; tablet_text_alignment=&#8220;default&#8220; phone_text_alignment=&#8220;default&#8220; background_color_opacity=&#8220;1&#8243; background_hover_color_opacity=&#8220;1&#8243; column_backdrop_filter=&#8220;none&#8220; column_shadow=&#8220;none&#8220; column_border_radius=&#8220;none&#8220; column_link_target=&#8220;_self&#8220; column_position=&#8220;default&#8220; gradient_direction=&#8220;left_to_right&#8220; overlay_strength=&#8220;0.3&#8243; width=&#8220;1\/1&#8243; tablet_width_inherit=&#8220;default&#8220; animation_type=&#8220;default&#8220; bg_image_animation=&#8220;none&#8220; border_type=&#8220;simple&#8220; column_border_width=&#8220;none&#8220; column_border_style=&#8220;solid&#8220;][vc_column_text]\r\n<figure class=\"wp-block-gallery has-nested-images columns-default is-cropped wp-block-gallery-1 is-layout-flex wp-block-gallery-is-layout-flex\">\r\n<figure class=\"wp-block-image size-large\"><img loading=\"lazy\" decoding=\"async\" width=\"600\" height=\"380\" data-id=\"1577\" class=\"wp-image-1577\" src=\"https:\/\/www.gymnaziumjihlava.cz\/parlament\/wp-content\/uploads\/2022\/11\/IMG_2045.jpg\" alt=\"\" srcset=\"https:\/\/www.gymnaziumjihlava.cz\/parlament\/wp-content\/uploads\/2022\/11\/IMG_2045.jpg 600w, https:\/\/www.gymnaziumjihlava.cz\/parlament\/wp-content\/uploads\/2022\/11\/IMG_2045-300x190.jpg 300w\" sizes=\"auto, (max-width: 600px) 100vw, 600px\" \/><\/figure>\r\n\r\n\r\n\r\n<figure class=\"wp-block-image size-large\"><img loading=\"lazy\" decoding=\"async\" width=\"600\" height=\"400\" data-id=\"1581\" class=\"wp-image-1581\" src=\"https:\/\/www.gymnaziumjihlava.cz\/parlament\/wp-content\/uploads\/2022\/11\/IMG_2098.jpg\" alt=\"\" srcset=\"https:\/\/www.gymnaziumjihlava.cz\/parlament\/wp-content\/uploads\/2022\/11\/IMG_2098.jpg 600w, https:\/\/www.gymnaziumjihlava.cz\/parlament\/wp-content\/uploads\/2022\/11\/IMG_2098-300x200.jpg 300w\" sizes=\"auto, (max-width: 600px) 100vw, 600px\" \/><\/figure>\r\n\r\n\r\n\r\n<figure class=\"wp-block-image size-large\"><img loading=\"lazy\" decoding=\"async\" width=\"600\" height=\"377\" data-id=\"1580\" class=\"wp-image-1580\" src=\"https:\/\/www.gymnaziumjihlava.cz\/parlament\/wp-content\/uploads\/2022\/11\/IMG_2085.jpg\" alt=\"\" srcset=\"https:\/\/www.gymnaziumjihlava.cz\/parlament\/wp-content\/uploads\/2022\/11\/IMG_2085.jpg 600w, https:\/\/www.gymnaziumjihlava.cz\/parlament\/wp-content\/uploads\/2022\/11\/IMG_2085-300x189.jpg 300w\" sizes=\"auto, (max-width: 600px) 100vw, 600px\" \/><\/figure>\r\n\r\n\r\n\r\n<figure class=\"wp-block-image size-large\"><img loading=\"lazy\" decoding=\"async\" width=\"600\" height=\"411\" data-id=\"1578\" class=\"wp-image-1578\" src=\"https:\/\/www.gymnaziumjihlava.cz\/parlament\/wp-content\/uploads\/2022\/11\/IMG_2074.jpg\" alt=\"\" srcset=\"https:\/\/www.gymnaziumjihlava.cz\/parlament\/wp-content\/uploads\/2022\/11\/IMG_2074.jpg 600w, https:\/\/www.gymnaziumjihlava.cz\/parlament\/wp-content\/uploads\/2022\/11\/IMG_2074-300x206.jpg 300w\" sizes=\"auto, (max-width: 600px) 100vw, 600px\" \/><\/figure>\r\n\r\n\r\n\r\n<figure class=\"wp-block-image size-large\"><img loading=\"lazy\" decoding=\"async\" width=\"600\" height=\"520\" data-id=\"1579\" class=\"wp-image-1579\" src=\"https:\/\/www.gymnaziumjihlava.cz\/parlament\/wp-content\/uploads\/2022\/11\/IMG_2079.jpg\" alt=\"\" srcset=\"https:\/\/www.gymnaziumjihlava.cz\/parlament\/wp-content\/uploads\/2022\/11\/IMG_2079.jpg 600w, https:\/\/www.gymnaziumjihlava.cz\/parlament\/wp-content\/uploads\/2022\/11\/IMG_2079-300x260.jpg 300w\" sizes=\"auto, (max-width: 600px) 100vw, 600px\" \/><\/figure>\r\n\r\n\r\n\r\n<figure class=\"wp-block-image size-large\"><img loading=\"lazy\" decoding=\"async\" width=\"600\" height=\"375\" data-id=\"1583\" class=\"wp-image-1583\" src=\"https:\/\/www.gymnaziumjihlava.cz\/parlament\/wp-content\/uploads\/2022\/11\/IMG_2021.jpg\" alt=\"\" srcset=\"https:\/\/www.gymnaziumjihlava.cz\/parlament\/wp-content\/uploads\/2022\/11\/IMG_2021.jpg 600w, https:\/\/www.gymnaziumjihlava.cz\/parlament\/wp-content\/uploads\/2022\/11\/IMG_2021-300x188.jpg 300w\" sizes=\"auto, (max-width: 600px) 100vw, 600px\" \/><\/figure>\r\n<p><\/p>\r\n<\/figure>\r\n[\/vc_column_text][\/vc_column][\/vc_row]","protected":false},"excerpt":{"rendered":"<p>[vc_row type=&#8220;in_container&#8220; full_screen_row_position=&#8220;middle&#8220; column_margin=&#8220;default&#8220; column_direction=&#8220;default&#8220; column_direction_tablet=&#8220;default&#8220; column_direction_phone=&#8220;default&#8220; scene_position=&#8220;center&#8220; text_color=&#8220;dark&#8220; text_align=&#8220;left&#8220; row_border_radius=&#8220;none&#8220; row_border_radius_applies=&#8220;bg&#8220; overflow=&#8220;visible&#8220; overlay_strength=&#8220;0.3&#8243; gradient_direction=&#8220;left_to_right&#8220; shape_divider_position=&#8220;bottom&#8220; bg_image_animation=&#8220;none&#8220;][vc_column column_padding=&#8220;no-extra-padding&#8220; column_padding_tablet=&#8220;inherit&#8220; column_padding_phone=&#8220;inherit&#8220; column_padding_position=&#8220;all&#8220; column_element_direction_desktop=&#8220;default&#8220; column_element_spacing=&#8220;default&#8220; desktop_text_alignment=&#8220;default&#8220; tablet_text_alignment=&#8220;default&#8220; phone_text_alignment=&#8220;default&#8220; background_color_opacity=&#8220;1&#8243; background_hover_color_opacity=&#8220;1&#8243; column_backdrop_filter=&#8220;none&#8220; column_shadow=&#8220;none&#8220;&#8230;<\/p>\n","protected":false},"author":3,"featured_media":0,"parent":0,"menu_order":0,"comment_status":"closed","ping_status":"closed","template":"","meta":{"footnotes":""},"class_list":["post-1612","page","type-page","status-publish"],"_links":{"self":[{"href":"https:\/\/www.gymnaziumjihlava.cz\/parlament\/index.php\/wp-json\/wp\/v2\/pages\/1612","targetHints":{"allow":["GET"]}}],"collection":[{"href":"https:\/\/www.gymnaziumjihlava.cz\/parlament\/index.php\/wp-json\/wp\/v2\/pages"}],"about":[{"href":"https:\/\/www.gymnaziumjihlava.cz\/parlament\/index.php\/wp-json\/wp\/v2\/types\/page"}],"author":[{"embeddable":true,"href":"https:\/\/www.gymnaziumjihlava.cz\/parlament\/index.php\/wp-json\/wp\/v2\/users\/3"}],"replies":[{"embeddable":true,"href":"https:\/\/www.gymnaziumjihlava.cz\/parlament\/index.php\/wp-json\/wp\/v2\/comments?post=1612"}],"version-history":[{"count":6,"href":"https:\/\/www.gymnaziumjihlava.cz\/parlament\/index.php\/wp-json\/wp\/v2\/pages\/1612\/revisions"}],"predecessor-version":[{"id":2160,"href":"https:\/\/www.gymnaziumjihlava.cz\/parlament\/index.php\/wp-json\/wp\/v2\/pages\/1612\/revisions\/2160"}],"wp:attachment":[{"href":"https:\/\/www.gymnaziumjihlava.cz\/parlament\/index.php\/wp-json\/wp\/v2\/media?parent=1612"}],"curies":[{"name":"wp","href":"https:\/\/api.w.org\/{rel}","templated":true}]}}

Návštěva ministra školství Vladimíra Balaše

[vc_row type=&#8220;in_container&#8220; full_screen_row_position=&#8220;middle&#8220; column_margin=&#8220;default&#8220; column_direction=&#8220;default&#8220; column_direction_tablet=&#8220;default&#8220; column_direction_phone=&#8220;default&#8220; scene_position=&#8220;center&#8220; text_color=&#8220;dark&#8220; text_align=&#8220;left&#8220; row_border_radius=&#8220;none&#8220; row_border_radius_applies=&#8220;bg&#8220; overflow=&#8220;visible&#8220; overlay_strength=&#8220;0.3&#8243; gradient_direction=&#8220;left_to_right&#8220; shape_divider_position=&#8220;bottom&#8220; bg_image_animation=&#8220;none&#8220;][vc_column column_padding=&#8220;no-extra-padding&#8220; column_padding_tablet=&#8220;inherit&#8220; column_padding_phone=&#8220;inherit&#8220; column_padding_position=&#8220;all&#8220; column_element_direction_desktop=&#8220;default&#8220; column_element_spacing=&#8220;default&#8220; desktop_text_alignment=&#8220;default&#8220; tablet_text_alignment=&#8220;default&#8220; phone_text_alignment=&#8220;default&#8220; background_color_opacity=&#8220;1&#8243; background_hover_color_opacity=&#8220;1&#8243; column_backdrop_filter=&#8220;none&#8220; column_shadow=&#8220;none&#8220; column_border_radius=&#8220;none&#8220; column_link_target=&#8220;_self&#8220; column_position=&#8220;default&#8220; gradient_direction=&#8220;left_to_right&#8220; overlay_strength=&#8220;0.3&#8243; width=&#8220;1/1&#8243; tablet_width_inherit=&#8220;default&#8220; animation_type=&#8220;default&#8220; bg_image_animation=&#8220;none&#8220; border_type=&#8220;simple&#8220; column_border_width=&#8220;none&#8220; column_border_style=&#8220;solid&#8220;][vc_column_text]
<h1 style="text-align: center;">Návštěva ministra školství Vladimíra Balaše</h1>
[/vc_column_text][/vc_column][/vc_row][vc_row type=&#8220;in_container&#8220; full_screen_row_position=&#8220;middle&#8220; column_margin=&#8220;default&#8220; column_direction=&#8220;default&#8220; column_direction_tablet=&#8220;default&#8220; column_direction_phone=&#8220;default&#8220; scene_position=&#8220;center&#8220; text_color=&#8220;dark&#8220; text_align=&#8220;left&#8220; row_border_radius=&#8220;none&#8220; row_border_radius_applies=&#8220;bg&#8220; overflow=&#8220;visible&#8220; overlay_strength=&#8220;0.3&#8243; gradient_direction=&#8220;left_to_right&#8220; shape_divider_position=&#8220;bottom&#8220; bg_image_animation=&#8220;none&#8220;][vc_column column_padding=&#8220;no-extra-padding&#8220; column_padding_tablet=&#8220;inherit&#8220; column_padding_phone=&#8220;inherit&#8220; column_padding_position=&#8220;all&#8220; column_element_direction_desktop=&#8220;default&#8220; column_element_spacing=&#8220;default&#8220; desktop_text_alignment=&#8220;default&#8220; tablet_text_alignment=&#8220;default&#8220; phone_text_alignment=&#8220;default&#8220; background_color_opacity=&#8220;1&#8243; background_hover_color_opacity=&#8220;1&#8243; column_backdrop_filter=&#8220;none&#8220; column_shadow=&#8220;none&#8220; column_border_radius=&#8220;none&#8220; column_link_target=&#8220;_self&#8220; column_position=&#8220;default&#8220; gradient_direction=&#8220;left_to_right&#8220; overlay_strength=&#8220;0.3&#8243; width=&#8220;1/1&#8243; tablet_width_inherit=&#8220;default&#8220; animation_type=&#8220;default&#8220; bg_image_animation=&#8220;none&#8220; border_type=&#8220;simple&#8220; column_border_width=&#8220;none&#8220; column_border_style=&#8220;solid&#8220;][vc_column_text]
<figure class="wp-block-gallery has-nested-images columns-default is-cropped wp-block-gallery-1 is-layout-flex wp-block-gallery-is-layout-flex">
<figure class="wp-block-image size-large"><img loading="lazy" decoding="async" width="600" height="380" data-id="1577" class="wp-image-1577" src="https://www.gymnaziumjihlava.cz/parlament/wp-content/uploads/2022/11/IMG_2045.jpg" alt="" srcset="https://www.gymnaziumjihlava.cz/parlament/wp-content/uploads/2022/11/IMG_2045.jpg 600w, https://www.gymnaziumjihlava.cz/parlament/wp-content/uploads/2022/11/IMG_2045-300x190.jpg 300w" sizes="auto, (max-width: 600px) 100vw, 600px" /></figure>



<figure class="wp-block-image size-large"><img loading="lazy" decoding="async" width="600" height="400" data-id="1581" class="wp-image-1581" src="https://www.gymnaziumjihlava.cz/parlament/wp-content/uploads/2022/11/IMG_2098.jpg" alt="" srcset="https://www.gymnaziumjihlava.cz/parlament/wp-content/uploads/2022/11/IMG_2098.jpg 600w, https://www.gymnaziumjihlava.cz/parlament/wp-content/uploads/2022/11/IMG_2098-300x200.jpg 300w" sizes="auto, (max-width: 600px) 100vw, 600px" /></figure>



<figure class="wp-block-image size-large"><img loading="lazy" decoding="async" width="600" height="377" data-id="1580" class="wp-image-1580" src="https://www.gymnaziumjihlava.cz/parlament/wp-content/uploads/2022/11/IMG_2085.jpg" alt="" srcset="https://www.gymnaziumjihlava.cz/parlament/wp-content/uploads/2022/11/IMG_2085.jpg 600w, https://www.gymnaziumjihlava.cz/parlament/wp-content/uploads/2022/11/IMG_2085-300x189.jpg 300w" sizes="auto, (max-width: 600px) 100vw, 600px" /></figure>



<figure class="wp-block-image size-large"><img loading="lazy" decoding="async" width="600" height="411" data-id="1578" class="wp-image-1578" src="https://www.gymnaziumjihlava.cz/parlament/wp-content/uploads/2022/11/IMG_2074.jpg" alt="" srcset="https://www.gymnaziumjihlava.cz/parlament/wp-content/uploads/2022/11/IMG_2074.jpg 600w, https://www.gymnaziumjihlava.cz/parlament/wp-content/uploads/2022/11/IMG_2074-300x206.jpg 300w" sizes="auto, (max-width: 600px) 100vw, 600px" /></figure>



<figure class="wp-block-image size-large"><img loading="lazy" decoding="async" width="600" height="520" data-id="1579" class="wp-image-1579" src="https://www.gymnaziumjihlava.cz/parlament/wp-content/uploads/2022/11/IMG_2079.jpg" alt="" srcset="https://www.gymnaziumjihlava.cz/parlament/wp-content/uploads/2022/11/IMG_2079.jpg 600w, https://www.gymnaziumjihlava.cz/parlament/wp-content/uploads/2022/11/IMG_2079-300x260.jpg 300w" sizes="auto, (max-width: 600px) 100vw, 600px" /></figure>



<figure class="wp-block-image size-large"><img loading="lazy" decoding="async" width="600" height="375" data-id="1583" class="wp-image-1583" src="https://www.gymnaziumjihlava.cz/parlament/wp-content/uploads/2022/11/IMG_2021.jpg" alt="" srcset="https://www.gymnaziumjihlava.cz/parlament/wp-content/uploads/2022/11/IMG_2021.jpg 600w, https://www.gymnaziumjihlava.cz/parlament/wp-content/uploads/2022/11/IMG_2021-300x188.jpg 300w" sizes="auto, (max-width: 600px) 100vw, 600px" /></figure>
<p></p>
</figure>
[/vc_column_text][/vc_column][/vc_row]
